Calculate the highest common divisor of 69 and 113459.
23
What is the highest common divisor of 56 and 19607?
7
What is the highest common divisor of 540896 and 24?
8
Calculate the greatest common divisor of 22190 and 360.
10
Calculate the highest common divisor of 102 and 120598.
34
What is the greatest common factor of 1117408 and 32?
32
What is the highest common divisor of 781 and 7513?
11
What is the highest common divisor of 30872 and 578?
34
Calculate the greatest common divisor of 9167 and 41741.
89
Calculate the greatest common factor of 1606 and 13640.
22
What is the highest common divisor of 65083 and 5?
1
Calculate the highest common divisor of 49011 and 33.
3
What is the greatest common factor of 26 and 602927?
13
Calculate the greatest common factor of 143 and 4420.
13
Calculate the greatest common factor of 4700 and 76900.
100
What is the greatest common divisor of 188 and 33934?
94
What is the greatest common divisor of 1348151 and 119?
119
What is the highest common divisor of 100 and 12900?
100
Calculate the greatest common factor of 555611 and 29.
29
Calculate the greatest common divisor of 10480 and 18320.
80
What is the greatest common factor of 2413 and 3667?
19
What is the greatest common divisor of 2834 and 451042?
218
Calculate the highest common divisor of 188 and 439732.
188
What is the highest common divisor of 47404 and 84?
28
What is the highest common factor of 128 and 1117392?
16
What is the highest common divisor of 555 and 9885?
15
What is the greatest common divisor of 122975 and 25?
25
What is the highest common divisor of 6638636 and 5028?
1676
Calculate the highest common factor of 740919 and 2455.
491
Calculate the highest common factor of 120 and 118910.
10
What is the greatest common factor of 397449 and 7189?
1027
Calculate the greatest common divisor of 80696 and 4200.
56
What is the greatest common divisor of 19295 and 51?
17
What is the highest common factor of 1182 and 649706?
394
What is the greatest common factor of 66323 and 87?
29
What is the greatest common factor of 8531 and 190?
19
What is the greatest common divisor of 1218 and 12918?
6
What is the highest common divisor of 15961 and 44?
11
What is the highest common divisor of 1551935 and 770?
385
Calculate the greatest common factor of 3029 and 195.
13
What is the greatest common factor of 306 and 979489?
17
What is the highest common divisor of 88 and 5210216?
88
What is the highest common divisor of 348 and 18756852?
348
Calculate the highest common divisor of 1341 and 927.
9
What is the greatest common factor of 13761 and 12375?
99
Calculate the greatest common factor of 7378 and 84.
14
Calculate the greatest common factor of 10231 and 429.
13
Calculate the highest common factor of 59850 and 304.
38
Calculate the greatest common factor of 8064 and 11264.
128
What is the greatest common divisor of 4082 and 806?
26
Calculate the highest common divisor of 679 and 2740444.
679
Calculate the highest common divisor of 93786 and 65772.
1218
Calculate the greatest common divisor of 1426 and 411494.
62
What is the highest common divisor of 319 and 2001?
29
What is the highest common factor of 41038 and 102?
34
What is the highest common divisor of 13346 and 16?
2
Calculate the greatest common factor of 55726 and 136.
34
Calculate the greatest common factor of 53760 and 1596.
84
What is the greatest common divisor of 1955 and 2415?
115
What is the highest common factor of 8184842 and 241?
241
What is the greatest common factor of 38 and 5774746?
38
What is the greatest common divisor of 244 and 96563?
61
What is the greatest common divisor of 150 and 13470?
30
Calculate the highest common divisor of 292677 and 5929.
539
Calculate the highest common divisor of 33540 and 3096.
516
Calculate the highest common factor of 37408 and 12824.
56
Calculate the greatest common divisor of 12006 and 2898.
414
What is the highest common divisor of 749679 and 58?
29
Calculate the highest common divisor of 842897 and 19.
19
What is the highest common factor of 43254 and 90?
18
What is the highest common factor of 2138870 and 50?
10
What is the highest common divisor of 4060 and 70616?
28
Calculate the greatest common factor of 48 and 9616.
16
Calculate the greatest common factor of 48 and 194.
2
Calculate the greatest common factor of 1360 and 10574.
34
What is the greatest common divisor of 104 and 92521?
13
Calculate the greatest common divisor of 27912 and 960.
24
Calculate the highest common divisor of 46916 and 124.
4
Calculate the highest common factor of 44 and 4509230.
22
Calculate the highest common divisor of 486 and 167913.
243
What is the greatest common factor of 1020445 and 508?
127
What is the greatest common factor of 7749 and 7776?
27
Calculate the greatest common factor of 84443 and 4.
1
What is the highest common divisor of 7677 and 207?
9
Calculate the highest common divisor of 193708 and 1896.
316
Calculate the highest common factor of 348 and 1152.
12
What is the highest common factor of 575 and 15775?
25
Calculate the greatest common divisor of 4958 and 86162.
134
What is the highest common factor of 445107 and 1017?
339
What is the highest common factor of 9340 and 16?
4
Calculate the greatest common divisor of 1800 and 711.
9
What is the greatest common factor of 55 and 1014145?
55
What is the greatest common factor of 1518 and 2438?
46
What is the greatest common factor of 137564 and 196?
28
Calculate the greatest common factor of 21 and 329.
7
What is the highest common divisor of 73775 and 26?
13
Calculate the highest common divisor of 38556 and 67116.
1428
What is the highest common divisor of 20 and 294540?
20
What is the greatest common divisor of 65 and 32903?
13
What is the highest common factor of 15808 and 15067?
247
Calculate the highest common factor of 38661 and 4998.
147
Calculate the greatest common factor of 2772 and 49203.
693
What is the greatest common factor of 235643 and 61?
61
What is the greatest common divisor of 12008 and 3496?
152
What is the highest common divisor of 58662 and 234?
18
Calculate the highest common factor of 48 and 8886.
6
Calculate the greatest common factor of 156 and 720876.
156
What is the highest common factor of 225 and 95775?
75
What is the greatest common divisor of 10621 and 4693?
247
Calculate the greatest common divisor of 699267 and 93.
93
Calculate the highest common divisor of 5748 and 28261.
479
Calculate the greatest common factor of 874209 and 49.
49
Calculate the greatest common factor of 378 and 9744.
42
Calculate the greatest common factor of 505 and 342491.
101
What is the greatest common divisor of 1564 and 1127?
23
Calculate the highest common factor of 1372 and 3172407.
343
What is the greatest common factor of 935674 and 152?
38
What is the greatest common factor of 237 and 448088?
79
What is the greatest common divisor of 7217 and 482508?
1031
What is the highest common factor of 1224 and 456348?
204
What is the highest common divisor of 18331059 and 123?
123
Calculate the highest common divisor of 13253 and 10511.
457
What is the highest common factor of 525 and 470050?
175
Calculate the highest common divisor of 57 and 186.
3
What is the highest common divisor of 324 and 5589?
81
Calculate the highest common divisor of 3315 and 2873.
221
What is the greatest common divisor of 66 and 4302?
6
Calculate the greatest common divisor of 21663 and 581.
83
Calculate the greatest common divisor of 9 and 134127.
9
Calculate the highest common factor of 28 and 140784.
28
Calculate the highest common divisor of 545990 and 1420.
710
Calculate the greatest common factor of 238 and 8908.
34
Calculate the greatest common factor of 1056 and 748528.
176
What is the highest common factor of 12366 and 403498?
458
Calculate the greatest common factor of 4473 and 46718.
497
What is the greatest common divisor of 2214279 and 9?
9
Calculate the greatest common divisor of 153 and 4216.
17
Calculate the greatest common factor of 272937 and 317.
317
Calculate the greatest common factor of 4978719 and 81.
27
Calculate the greatest common divisor of 900 and 11850.
150
Calculate the greatest common divisor of 40342 and 138.
46
What is the greatest common factor of 1938 and 2198661?
969
What i